the greatest common factor of 3337 and 44801?
71
What is the greatest common divisor of 104 and 1508?
52
Calculate the highest common divisor of 23226 and 28.
14
Calculate the highest common factor of 26630 and 430.
10
Calculate the highest common factor of 1476 and 3708.
36
What is the highest common divisor of 1100 and 16852?
44
What is the greatest common divisor of 1320 and 4021380?
660
What is the greatest common factor of 9306 and 36?
18
Calculate the highest common factor of 1460 and 55920.
20
Calculate the greatest common divisor of 28 and 16105964.
28
Calculate the greatest common factor of 758214 and 81.
27
What is the greatest common divisor of 66716 and 156?
52
Calculate the greatest common divisor of 112 and 67312.
112
Calculate the greatest common divisor of 880290 and 90.
90
Calculate the highest common divisor of 6 and 12207.
3
Calculate the greatest common divisor of 6630187 and 713.
713
Calculate the highest common divisor of 319 and 1379762.
29
Calculate the greatest common factor of 2619 and 20661.
291
Calculate the highest common divisor of 1696 and 18974.
106
Calculate the greatest common divisor of 275025 and 855.
285
What is the highest common divisor of 15690 and 20?
10
What is the greatest common factor of 440 and 818840?
440
Calculate the greatest common divisor of 13 and 864383.
13
Calculate the greatest common divisor of 14395926 and 1434.
1434
What is the highest common factor of 48096 and 3340?
668
What is the highest common factor of 30683 and 36719?
503
What is the greatest common divisor of 209 and 568271?
209
Calculate the greatest common divisor of 52052 and 836.
44
What is the greatest common divisor of 22540 and 11500?
460
What is the greatest common divisor of 87 and 14464533?
87
Calculate the highest common factor of 474 and 71258.
158
Calculate the highest common divisor of 367 and 685189.
367
What is the highest common divisor of 246 and 106846?
82
What is the greatest common factor of 45 and 110421?
9
Calculate the highest common factor of 1974 and 2758.
14
Calculate the greatest common factor of 2883 and 568509.
93
What is the highest common divisor of 711 and 53641?
79
What is the greatest common divisor of 8271 and 3303?
9
Calculate the greatest common divisor of 3552 and 752.
16
What is the highest common divisor of 3 and 3296355?
3
What is the greatest common factor of 16 and 454856?
8
Calculate the greatest common divisor of 280 and 16086.
14
Calculate the greatest common divisor of 225 and 55950.
75
What is the greatest common divisor of 4446931 and 817?
817
Calculate the greatest common divisor of 396 and 76626.
198
Calculate the greatest common divisor of 8664 and 1272.
24
Calculate the highest common factor of 117440 and 3840.
320
What is the highest common divisor of 5792 and 29322?
362
What is the highest common factor of 30862 and 52?
26
Calculate the highest common factor of 6815 and 494675.
235
Calculate the greatest common factor of 990 and 3025935.
495
Calculate the highest common factor of 30140 and 3.
1
Calculate the greatest common divisor of 5063 and 7320.
61
What is the highest common factor of 6480 and 15480?
360
Calculate the greatest common factor of 198 and 1547766.
198
Calculate the highest common factor of 8 and 509728.
8
Calculate the highest common factor of 887275 and 25.
25
Calculate the highest common divisor of 94488 and 248.
248
Calculate the greatest common divisor of 4416 and 33488.
368
What is the highest common divisor of 98126 and 25284?
602
What is the greatest common divisor of 109420 and 80?
20
Calculate the highest common factor of 60750 and 8262.
486
Calculate the highest common factor of 10795 and 12700.
635
Calculate the highest common factor of 9849 and 7169.
67
What is the highest common factor of 467724 and 24?
12
Calculate the highest common divisor of 18277 and 19396.
373
What is the highest common divisor of 3059 and 5187?
133
What is the highest common factor of 777 and 154364?
259
What is the highest common divisor of 21995 and 1?
1
What is the highest common divisor of 479660 and 1160?
580
Calculate the greatest common factor of 7059 and 3982.
181
What is the highest common divisor of 42 and 2152038?
42
Calculate the greatest common factor of 234132 and 3938.
358
Calculate the greatest common divisor of 762 and 780288.
762
What is the highest common divisor of 164 and 17287240?
164
Calculate the highest common divisor of 1297401 and 21.
21
What is the highest common divisor of 660 and 2239600?
220
What is the greatest common factor of 1200 and 76350?
150
What is the greatest common factor of 105 and 160405?
35
What is the greatest common factor of 13014 and 63?
9
Calculate the greatest common divisor of 16525 and 225.
25
Calculate the highest common factor of 656 and 768.
16
Calculate the highest common factor of 8050 and 94346.
322
Calculate the greatest common factor of 8885 and 103.
1
Calculate the highest common factor of 882 and 54.
18
Calculate the highest common factor of 26028 and 8748.
108
Calculate the greatest common factor of 1143 and 429387.
381
Calculate the highest common divisor of 215 and 77228.
43
Calculate the highest common divisor of 80 and 375112.
8
Calculate the highest common factor of 12 and 1160772.
12
What is the highest common divisor of 3658 and 11346?
62
Calculate the highest common factor of 491666 and 692.
346
Calculate the highest common factor of 68888 and 32264.
872
Calculate the highest common factor of 304 and 1839504.
304
Calculate the greatest common divisor of 2440 and 360.
40
Calculate the greatest common divisor of 4125 and 600.
75
Calculate the highest common factor of 6700 and 52126.
134
What is the greatest common factor of 20220 and 1488?
12
Calculate the greatest common divisor of 2256681 and 861.
861
Calculate the greatest common divisor of 153698 and 259.
37
Calculate the greatest common factor of 160 and 56830.
10
What is the greatest common factor of 7238 and 6622?
154
Calculate the greatest common divisor of 216 and 936.
72
What is the greatest common factor of 136071 and 585?
117
Calculate the greatest common divisor of 163914 and 374.
34
What is the highest common factor of 129597 and 39?
39
Calculate the highest common factor of 162 and 26811.
81
What is the greatest common divisor of 560 and 45500?
140
What is the greatest common divisor of 405324 and 13344?
1668
What is the highest common divisor of 2304 and 80?
16
What is the highest common divisor of 42 and 16177?
7
Calculate the greatest common factor of 125388 and 3268.
172
What is the highest common divisor of 11354 and 112?
14
Calculate the greatest common factor of 11377 and 9175.
367
Calculate the greatest common factor of 3819 and 703.
19
What is the greatest common factor of 1013155 and 55?
55
Calculate the greatest common divisor of 1902 and 407662.
634
Calculate the greatest common divisor of 72 and 68616.
72
What is the greatest common factor of 54 and 2972646?
54
What is the highest common divisor of 324 and 43821?
81
What is the greatest common divisor of 29776250 and 50?
50
What is the greatest common factor of 54634 and 413?
59
Calculate the greatest common divisor of 7696 and 4784.
208
What is the highest common factor of 11224 and 368?
184
Calculate the highest common factor of 4 and 6628.
4
Calculate the greatest common factor of 3252907 and 707.
707
What is the highest common factor of 318 and 1362?
6
Calculate the greatest common divisor of 52 and 211.
1
What is the greatest common factor of 174025 and 25?
25
Calculate the highest common factor of 408682 and 14032.
1754
Calculate the greatest common factor of 9143 and 294583.
223
What is the highest common divisor of 682 and 198?
22
Calculate the highest common divisor of 4852 and 64.
4
What is the greatest common factor of 2392 and 3369132?
1196
What is the greatest common divisor of 160 and 8510?
10
Calculate the greatest common factor of 7140 and 509460.
420
What is the highest common divisor of 852 and 2268?
12
What is the greatest common divisor of 1615 and 6375?
85
Calculate the greatest common factor of 360234 and 21.
21
Calculate the highest common divisor of 10120 and 36520.
440
Calculate the highest common divisor of 1001 and 16861.
13
Calculate the grea